5*i - 15 - 11, -2 = q - 3*i. Suppose 3*g + 0*z = -q*z + 329, -g = -2*z - 123. Is g a prime number?
False
Let t = -6 - -13. Let z be 2/t + 20175/21. Suppose -2*h = -5*u + z, -u + 388 = u - 2*h. Is u a prime number?
True
Let c = 1516 + 364. Suppose -9*a - 215 + c = 0. Is a composite?
True
Suppose 156225 = 10*x + 8315. Suppose -2*y - 8877 = -5*y + 3*l, -x = -5*y + 3*l. Is y prime?
True
Let g = -19407 - -82672. Is g a prime number?
False
Suppose 4 = 4*h + 5*n - 24, h - 22 = -5*n. Suppose 0 = 2*t + h*t - 1284. Is t a prime number?
False
Let d be -2 - (9/(-3) - 18). Suppose 2*j - 9 = -i + d, -3*j + 52 = 4*i. Let y = 33 - j. Is y composite?
True
Suppose -n + 7147 = -3306. Is n a prime number?
True
Suppose 42*m - 6 = 39*m. Is ((-471)/5)/(m/(-10)) prime?
False
Suppose 0*x + x - o - 11 = 0, -4*x + 49 = -5*o. Suppose 505 = m + 4*n, -n + x*n = -5*m + 2495. Is m prime?
False
Let l(a) = -a**3 + 4*a**2 - 2*a + 2. Let z be l(3). Let y(k) be the second derivative of 3*k**5/10 - k**4/12 + 2*k**3/3 - k**2 - 27*k. Is y(z) a prime number?
True
Let d(y) = 1807*y**2 + 36*y + 199. Is d(-6) a composite number?
True
Suppose 0 = b - 5*u + 2 + 2, -4*b + 3*u = -18. Let y(n) = 17*n**2 + 3*n - 1. Is y(b) prime?
False
Suppose 32*a - 6 = 35*a. Suppose -5*z - 6 = 9. Is (5/a)/(z/978) a prime number?
False
Suppose 4 = 3*i + n + 4*n, 2*n - 14 = 5*i. Let r be 6/(-4) - 13/i. Suppose k = -2*h + 152, r*h + 2*k - k - 383 = 0. Is h prime?
False
Is 8/52 + 2405466/182 composite?
False
Let n = 11 - 14. Is n/(-5) - ((-12066)/15 + -4) a composite number?
False
Suppose -12 = -0*n - 2*n + 4*g, 4*n = 4*g + 20. Let p be (2/7)/(n/28). Suppose o + 490 = 3*q, 0 = -0*q - 2*q - p*o + 324. Is q composite?
False
Let f(l) be the second derivative of -l**5/20 + l**4/2 - 7*l**3/6 + 9*l**2/2 - 6*l. Let r be f(5). Is (r/1 - 0) + 150 a composite number?
False
Suppose 0 = -3*g - z - 2*z + 9, -2*z = -10. Let p be g/1 - (6 + -8). Suppose u = 5*s + 188, p*u + s + 331 = 2*u. Is u composite?
False
Suppose 4*h - 2*d + 4 = 18, 19 = 5*h - 3*d. Suppose -2*v - 725 = -b - 3665, b = h. Is v prime?
True
Let b be -1 + 24/4 + 3. Let m = b + -7. Is (m/1)/((-2)/(-898)) prime?
True
Suppose 0 = 16*k - 72696 + 17416. Is k composite?
True
Let v be 16/24*122*-3. Let f = -77 - v. Is f prime?
True
Let q = -11353 + 41016. Is q composite?
False
Suppose -d - 24 = d. Is (-440 - d)/(0 - 2) prime?
False
Is 19732/5 + 10*(-42)/(-700) a composite number?
False
Let g(o) = 13*o**2 - 5*o + 5. Let c(w) = 3*w**2 - w + 1. Let f(t) = 9*c(t) - 2*g(t). Let u(r) = 8*r**2 + 4*r. Let v(a) = -5*f(a) + u(a). Is v(-4) composite?
True
Suppose -3890 = 8*t - 13*t. Let r = -547 + t. Is 2 - 2/((-6)/r) prime?
True
Suppose 10*x = 3010 + 10560. Is x composite?
True
Let j = -1 - -3. Suppose -14518 = -30*x - 2218. Suppose y - x + 44 = -4*p, -j*p = 8. Is y a prime number?
False
Let p be (4/(-6))/(3/(-9)). Suppose -3*y - p*y - 5*w = -10, 0 = 4*y - 3*w + 6. Suppose y = 3*x + x - 868. Is x a composite number?
True
Is (-1)/(-2) - 169962/(-52) a prime number?
False
Suppose 0 = -3*n + 2*n + 2*i + 871, 0 = -4*n + i + 3484. Is n a composite number?
True
Suppose 5300 = 55*y - 357645. Is y a composite number?
False
Is (454/(-84) + 38/(-399))*-422 prime?
False
Suppose 0 = -4*y - 1 + 25. Let d(p) = 8*p + 17. Is d(y) composite?
True
Let v = -162 + 158. Let m(a) = 3*a**2 + 0*a**2 - 6*a - 2*a**2 - 1. Is m(v) prime?
False
Let d(s) = 134*s**3 + 10*s**2 + 21*s - 19. Is d(6) a prime number?
True
Suppose 596*u = 591*u + 130265. Is u a composite number?
False
Let d = -23 - -22. Is 154/8 - d/(-4) a composite number?
False
Let l = 6417 - -8714. Is l prime?
True
Let n(t) = -t - 1. Let x(z) = 18*z + 11. Let l(m) = -5*n(m) + x(m). Is l(3) a prime number?
False
Let q = 114 + -117. Is 2/6 + -1 + (-1760)/q composite?
True
Let m = 15 + -23. Let w be 4/m - (-891)/6. Suppose 5*s + w = 9*s. Is s a prime number?
True
Let f(k) = -4*k**3 + 13*k**2 + 7*k + 30. Let b(y) = -7*y**3 + 26*y**2 + 15*y + 61. Let i(t) = -3*b(t) + 5*f(t). Is i(17) a prime number?
True
Suppose -1074 = 2*m - 8*m. Is m composite?
False
Let d = -7839 + 12550. Is d composite?
True
Suppose -t + 37*t - 3443364 = 0. Is t prime?
False
Suppose 0*l - 8 = 2*l. Let c be ((-1)/l)/((-2)/(-40)). Suppose -3082 - 2973 = -c*o. Is o a prime number?
False
Let x = -515 - -832. Is x a composite number?
False
Let t(d) = 7*d**2 - d**3 + 5*d - 10 - d + 0*d**2 - 2*d. Let y be t(7). Suppose -48 = -y*z + 340. Is z composite?
False
Suppose 6815 + 46636 = 9*f. Is f a prime number?
True
Let b(u) = -u**3 - 7*u**2 - 7*u - 4. Let s be b(-6). Suppose 0 = -0*r - s*r. Suppose r = 4*k + 5*y - 576, -3*k + 4*y = -7*k + 580. Is k composite?
False
Suppose 3203 = 17*h - 54410. Is h composite?
False
Let f = 385 - 83. Let z = f - 106. Suppose -2*m + 5*h = -5*m + 275, 3*h = 2*m - z. Is m a composite number?
True
Let j be (-18)/(-8) - (-6)/(-24). Suppose 4*q = j*g - 74, -3*g - q = 2*q - 102. Is g a composite number?
True
Suppose -2*l + 28261 = -5*y, -10*l = -12*l - 5*y + 28311. Is l prime?
True
Let r(z) be the second derivative of z**6/180 + 11*z**5/120 - 7*z**4/12 - 3*z. Let p(t) be the third derivative of r(t). Is p(14) a prime number?
True
Let l be (-3)/(-6)*6*133. Suppose l - 4 = 5*b. Suppose 4*u = 3*u + b. Is u composite?
False
Suppose -2*p + 515 + 4751 = 0. Is p a composite number?
False
Suppose -4*x - 3*s + 117644 = 0, 8223 = x + 5*s - 21188. Is x composite?
False
Let w(b) = b**3 + 22*b**2 - 24*b - 17. Let h be w(-23). Is h/3*1*(-506)/(-4) prime?
False
Let g(y) = -y + 15. Let t be g(12). Let i(p) = p**3 + 13*p**2 - 14*p + 2. Let h be i(-14). Suppose -t*z + 223 = -h*z. Is z a prime number?
True
Let r = -2 + 2. Suppose 0 = -0*u - 5*u + 475. Suppose 0*q + u = 3*y + 2*q, -5*y - 4*q + 159 = r. Is y composite?
False
Let d = 8 + -12. Is (d - 39/(-9))*1137 a composite number?
False
Let k(l) = l**3 + 2*l**2 + 16*l + 6. Let w be k(-9). Let a = 1672 + w. Is a composite?
False
Suppose 0 = 4*n + 6755 - 47091. Suppose 3*f = 7*f - n. Is f prime?
True
Suppose 2268 = 5*o - x, -3*x - 2 = -8. Let h = 831 - o. Is h prime?
False
Suppose -4*u = -8*u - z + 15772, 0 = -2*z. Is u a composite number?
False
Let q = 687 + -114. Let c be (2/(-1))/(1/167). Let p = q + c. Is p a prime number?
True
Let q = 31 + -27. Suppose 0 = -4*v + h - 5*h + 3992, q*h = 20. Is v a composite number?
True
Let x(j) = -4*j**3 + 5*j**2 - 6*j + 16. Let c(l) = 12*l**3 - 16*l**2 + 18*l - 47. Let o(h) = 6*c(h) + 17*x(h). Is o(7) a prime number?
False
Is (1 + 2 - 2)/((-32)/(-25184)) a composite number?
False
Let p(w) = 23*w**2 - 7*w - 2. Let s(n) = -n - 1. Let u(y) = -p(y) - 6*s(y). Let h(x) be the first derivative of u(x). Is h(-9) a composite number?
True
Let d(t) = -t**3 + t**2 - 2*t + 395. Let j(a) = -a**2 + 9*a - 8. Let h be j(8). Is d(h) a prime number?
False
Let k(l) = 11*l**2 - 30*l - 43. Is k(22) a prime number?
True
Suppose -5*o + 11 = -14. Suppose o*g + 3*g - 5960 = 0. Is g prime?
False
Let t(h) be the second derivative of -3*h**5/5 + h**4/6 + h**3/6 - 25*h**2/2 + 2*h + 2. Is t(-6) a composite number?
False
Suppose q + 4*r = -4, 9*q - 5*q + 4*r + 16 = 0. Is 2*251/q*-1*14 a composite number?
True
Suppose -4*b = 21 + 15. Let m be -267*((-3)/b - 1). Suppose 9*d - 7*d - m = 0. Is d composite?
False
Let u be (16/48)/((-2)/(-24)). Is (131/(-4))/(u/(-16)) prime?
True
Suppose -3*x - 5*y = -10846, -4*x + 14194 = -3*y - 219. Is x composite?
False
Let r = -396 - -74. Let i(f) = -f**3 + 15*f**2 + 7*f + 11. Let o be i(10). Let u = o + r. Is u a composite number?
True
Suppose -3*u + 12 = u. Suppose s = u*s - 574. Suppose 0 = r + 5*w - 275, -r = -0*w + 2*w - s. Is r a composite number?
True
Suppose 2*w - 429 = 47. Is (-12)/8*w/(-3) a prime number?
False
Let x = -12763 + 21992. Is x prime?
False
Suppose -3*s + 33 = 8*s. Is s*1/((-9)/(-1902)) prime?
False
Let j = -8960 - -19257. Is j composite?
True
Suppose 0 = 4*r + 3*p - 5*p - 14844, -2*r + 7422 = p. Is r + 3 + 40/8 a composite number?
False
Let n be -1*298*4/1. Let y(g) = -19*g**2 - 248*g - 14. Let p be y(-13). Is (p/4)/(2/n) a prime number?
True
Suppose -5*k + 5*l = -24295, 5*k - 3*l - 36050 = -11751. Is k prime?
True
Let s = -15 - -7. Let n be 4/(-16) + (-2)/s. Suppose n = i + 21 - 76. Is i composite?
True
Let z = -24342 + 36995. Is z composite?
False
Let g = 4 + 1. Su